*k. What is the remainder when v is divided by 9?
6
Suppose 3*k - 101 = -v, 21 = k - v - 18. Suppose -108 = -58*r + 2575 + 623. What is the remainder when r is divided by k?
22
Let s = -1719 - -1167. Calculate the remainder when 86 is divided by s/(-96)*8/2.
17
Let c(v) = -v**3 - 11*v**2 - 9*v + 10. Let n be c(-10). Suppose -8*k + 17*k - 531 = n. What is the remainder when 235 is divided by k?
58
Suppose 0 = -4*r - 2*u - 428, -4*r + 61 - 501 = 5*u. Let g = r + 105. What is the remainder when -3 + 5 + g + (14 - -2) is divided by 7?
4
Let a = -32304 - -32879. Calculate the remainder when a is divided by 58.
53
Suppose -3*o = -2*c + 17, 4*o + 10*c - 12*c + 24 = 0. Let i(h) = -5*h - 25. Calculate the remainder when 78*(10/4 + -2) is divided by i(o).
9
Suppose -232 = -9*v + 5*b, -2*v + 68 = 60*b - 57*b. What is the remainder when 166 is divided by v?
26
Suppose -11 = -3*q + 16. Let k be (-7 + 2)*2*(-1)/(-2). Let b = k - -8. Calculate the remainder when q is divided by b.
0
Let m(h) = -296*h - 463. Calculate the remainder when 23734 is divided by m(-2).
127
Suppose 2*x + 54*s - 74 = 58*s, -3*s = 5*x - 211. Calculate the remainder when 30337 is divided by x.
38
Let x = -11358 - -11378. What is the remainder when (-2)/(-6) + 1465/15 is divided by x?
18
Suppose 0 = 24*q - 2*q - 550. Calculate the remainder when 76 is divided by q.
1
Suppose -756 = -11*r - 7*r. Calculate the remainder when 534 is divided by r.
30
Let w(q) = 33*q - 15. What is the remainder when w(6) is divided by 135?
48
Let u(m) = 0*m + 4*m - 2 - m**2 - 3*m + 3 + 187*m**3. Let d(i) = -i**2 + 9*i + 1. Let w be d(9). Calculate the remainder when u(w) is divided by 38.
36
Suppose 354*a = 192*a + 2430. Suppose 3*c + 172 = 5*c. Calculate the remainder when c is divided by a.
11
Suppose -4*b - 4 = 3*g + 5, 11 = -4*g - 5*b. Calculate the remainder when 177 is divided by 3*g*(-16 + 20).
9
Let u = -133 + 129. Let y = u + 187. Calculate the remainder when y is divided by (-37)/(1 + -2 + 0).
35
Suppose -43*h + 1251 = -383. What is the remainder when 275 is divided by h?
9
Calculate the remainder when (-47)/564 - (-277085)/60 is divided by 60.
58
Let b(w) = 8*w**3 + 5*w**2 - 16. Let i be b(3). Suppose -2*y = p + i + 8, -2*y = -3*p + 265. Let g = y - -143. What is the remainder when 131 is divided by g?
11
Let v be (25/(-3))/(23/(-138)). Calculate the remainder when (1 - 6)*36/(-5) is divided by (204/(-170))/((-6)/v).
6
Let p = -3275 - -3302. What is the remainder when ((-82)/(-4))/(-2*(-4)/16) is divided by p?
14
Suppose 72 = 2*u - 10. Suppose 2*d + 21 = h, -5*h = -3*h - 3*d - u. Calculate the remainder when 93 is divided by h.
17
Suppose -7*n = 13 - 27. Suppose t = -2*v + 4*t + 175, 183 = n*v + 5*t. Let g = -85 + v. What is the remainder when 22 is divided by g?
2
Suppose 1386 = 20*k - 314. Suppose j = -4*p + 49, p - k = -3*j + 18. What is the remainder when 64 is divided by j?
31
Suppose -5*r + 2*s + 261130 - 44740 = 0, 0 = -3*r + 2*s + 129834. What is the remainder when r is divided by 27?
24
Suppose -37 + 37 = -6*k. Suppose 4*c + 10*c - 2548 = k. What is the remainder when c is divided by 61?
60
Let z = -44 - -64. Let n = z - 0. What is the remainder when (-2)/5 - (-7380)/75 is divided by n?
18
Suppose 0*w - 3*w = -3*x + 24, -2*x - 4 = 2*w. Let f be (-36)/x*(93/6 + 1). Let m = 283 + f. Calculate the remainder when m is divided by 22.
19
Suppose -100*s - 1780 = -143180. Calculate the remainder when s is divided by 118.
116
Suppose -5*i + 168 = -i. Let v be i*((-5)/(-10))/1. Calculate the remainder when (-10)/(-15)*v - 3 is divided by 3.
2
Suppose 0*i - 2*i = -44. Let d(n) = 12*n**2 - 9*n + 4. Let z = -137 - -140. What is the remainder when d(z) is divided by i?
19
Let h(f) = 122*f + 126. Calculate the remainder when h(5) is divided by 62.
54
Let o = -29 - -113. Suppose 6*j = 13*j + o. Let a(d) = d**3 + 14*d**2 + 20*d. What is the remainder when a(j) is divided by 26?
22
Suppose 0 = -5*i + 607 + 393. Calculate the remainder when i is divided by ((-75)/((-30525)/(-148)))/(7/(-1001)).
44
Suppose -44*r + 40*r - 4*d + 348 = 0, -6*d = 36. Let s = 7 - -26. Calculate the remainder when r is divided by s.
27
What is the remainder when 38/(-228) + (4 - 3367/(-6)) is divided by 190?
185
Let w(b) = 263*b**2 - 293 + 115 + 13*b - 262*b**2. Calculate the remainder when w(-32) is divided by 87.
82
Let l(w) = 346*w - 2622. Calculate the remainder when l(8) is divided by 73.
0
Let g(h) be the third derivative of 0 - 1/2*h**4 + 7/6*h**3 + 18*h**2 - 1/30*h**5 + 0*h. Calculate the remainder when g(-6) is divided by 2.
1
Let h(o) = -30*o - 1234. Calculate the remainder when 1751 is divided by h(-46).
145
Let k = -4328 + 4464. What is the remainder when 1628 is divided by k?
132
Let a(h) = 52*h**2 + 25*h + 79. Calculate the remainder when a(-10) is divided by 265.
259
Let o = 5628 - 5405. Calculate the remainder when 700 is divided by o.
31
Let d(x) = x**2 - 2*x - 7. Suppose -6*n - 21 = -13*n. Let s be d(n). What is the remainder when 15/((-20)/s) + 78 is divided by 43?
38
Suppose -2*u + 0*u = -154. Suppose 701*y - 5323 = 155*y + 3413. Calculate the remainder when u is divided by y.
13
Let a(d) = d**2 + 4*d - 33. Suppose -4*g = 5*c + 40, 4*c - 3*g + 19 + 44 = 0. What is the remainder when a(c) is divided by 32?
31
Let o = 11344 + -11034. What is the remainder when 347 is divided by o?
37
Suppose 18 = 2*j - 5*l - 55, 0 = -j + 5*l + 29. Let n be (121/j)/(2/48). Suppose 2*h - n = -h. Calculate the remainder when h is divided by 6.
4
Let h(i) = 10*i**3 + 2*i**2 + 2*i - 4. Let z be h(-2). Let j(k) = 9*k - 12. What is the remainder when j(5) is divided by 214/10 - (-32)/z?
12
Let u(h) = h**3 + 10*h**2 + 11*h + 13. Let g be u(-12). Let x = g - -1218. Let y = x - 498. Calculate the remainder when y is divided by 63.
61
Suppose -5*b = -3*h + 2111, -7*b + 5*b - 836 = -4*h. Let w = 431 + b. What is the remainder when 116 is divided by w?
4
Suppose -79 = -5*f + 71. Suppose -24*n - 4465 + 15961 = 0. What is the remainder when n is divided by f?
29
Let v = -42 - -61. Let z(u) = u**2 + 8*u + 13. Let i = 86 + -97. Calculate the remainder when z(i) is divided by v.
8
Let o(u) = -u**3 - 2*u**2 - 2*u - 3. Let j be o(-2). What is the remainder when 111 is divided by 23 + (-3 - -1) - (3 - j)?
16
Let g = 7 + -4. Suppose -6 = 3*b + 4*l - 5, -2*b - 3*l = 2. Suppose 2*y - y + 5*i = 31, b*y - 25 = i. Calculate the remainder when y is divided by g.
0
Suppose 5*i - 10 = 125. Suppose 8823 - 2178 + 5175 = 20*g. What is the remainder when g is divided by i?
24
Let p = 208 - 67. Let s = 38 - 192. Let y = s - -172. What is the remainder when p is divided by y?
15
Suppose 5*p + t = 225, -p - 3*t = p - 90. What is the remainder when ((-9)/6)/((-76)/224200*25) is divided by p?
42
Calculate the remainder when 780 is divided by (-284)/6*(-165)/110.
70
Let w = -58 + 98. Suppose -9*t + 5*t = 2*l + 62, 0 = 3*t - 3*l + 51. Let d = w + t. What is the remainder when 89 is divided by d?
17
Let w be (10/4)/((-47)/(-188)). Suppose -3*v - 59 = -2*g, -g = -0*g - 5*v - 33. Suppose 8 = -w*q + g. What is the remainder when q is divided by 2?
0
Let q(f) = 2*f - 13. Let g = 219 - 183. Suppose 2*z + 83 = 3*y, 4*y + 2*z + 52 = 6*y. Calculate the remainder when q(g) is divided by y.
28
Let k(a) = -2*a**3 - 33*a**2 + 32*a + 6. Calculate the remainder when k(-18) is divided by 31.
30
Let o(n) = -3*n**3 - 12*n**2 + 59*n + 297. Calculate the remainder when 249 is divided by o(-5).
18
Let y(h) = -2*h**2 - 11*h - 6. Let w be y(-8). Let s = -41 - w. Suppose -s*g = -28 - 17. Calculate the remainder when 44 is divided by g.
8
Let k be 1*(-6 - -8 - -80). Suppose 78*s + 68 = k*s. Calculate the remainder when 43 is divided by s.
9
Let h(b) = 2*b**2 + 2*b + 1. Let u be h(-2). Suppose u*o - 26 = -4*l + 44, 4*l = 4*o - 20. What is the remainder when 3/((6 - 4)/26) is divided by o?
9
Let t = 8302 + -7495. Calculate the remainder when t is divided by 93.
63
Suppose 0*f + 4*r + 112 = 5*f, -3*f = 2*r - 76. Let v(o) = 23*o**3 - 2*o - 2*o**2 + 3*o - f*o**3 + 29 + o**2. Calculate the remainder when v(0) is divided by 8.
5
Let r be ((-5)/4)/(175/(-28) - -6). Let w(g) = -r*g + 2*g - 2*g - g - 30. Calculate the remainder when w(-12) is divided by 16.
10
Let n(t) = t**2 - 31*t - 76. Let h be n